{"id":248,"date":"2018-12-12T21:02:05","date_gmt":"2018-12-12T20:02:05","guid":{"rendered":"https:\/\/agde-perle-noire-mediterranee.fr\/?page_id=248"},"modified":"2020-02-13T11:01:09","modified_gmt":"2020-02-13T10:01:09","slug":"camping","status":"publish","type":"page","link":"https:\/\/agde-perle-noire-mediterranee.fr\/?page_id=248","title":{"rendered":"Bienvenue au Parc des Sept Fonts ***"},"content":{"rendered":"\n<p>Le\u00a0<strong>Parc des Sept Fonts<\/strong>\u00a0vous attend pour passer des vacances inoubliables au bord du\u00a0<strong>Canal du Midi<\/strong>. Agr\u00e9ablement situ\u00e9 dans la r\u00e9gion\u00a0<strong>Languedoc-Roussillon<\/strong>\u00a0\u00e0 6 km du c\u00e9l\u00e8bre\u00a0<strong>Cap d\u2019Agde<\/strong>,\u00a0<strong>le Parc des Sept Fonts<\/strong>\u00a0vous accueille sur 5.5 hectares.<\/p>\n<p>D\u00e9tendez-vous \u00e0 l\u2019ombre d\u2019arbres centenaires en bordure du <strong>Canal du Midi<\/strong> dans une ambiance familiale.\u00a0Entre terre et mer, <strong>Agde<\/strong> est une ville agr\u00e9able pour profiter du soleil et vivre \u00e0 la m\u00e9diterran\u00e9enne.<\/p>\n<p><strong>OUVERTURE DU 06\/04\/2019 au 29\/09\/2019<\/strong><\/p>\n<p>LES + DU CAMPING :<\/p>\n<ul>\n<li>Des animations pour tous<\/li>\n<li>Un espace aquatique<\/li>\n<li>A 6 Kms du Cap d&rsquo;Agde<\/li>\n<li>Au bord du canal du midi<\/li>\n<\/ul>\n<p>LES SERVICES :<\/p>\n<ul>\n<li>Service de courrier et renseignements \u00e0 la r\u00e9ception<\/li>\n<li>Cabine t\u00e9l\u00e9phonique<\/li>\n<li>D\u00e9p\u00f4t de pain<\/li>\n<li>Snack bar<\/li>\n<li>Location de barbecue<\/li>\n<li>Location de kit B\u00e9b\u00e9<\/li>\n<li>Location de draps<\/li>\n<li>Location de v\u00e9los<\/li>\n<\/ul>\n<p>DIVERS<\/p>\n<ul>\n<li>M\u00e9nage: 50\u20ac \u00e0 la r\u00e9servation sur demande<\/li>\n<li>Acc\u00e8s WIFI dans tout le camping payant<\/li>\n<li>Laverie<\/li>\n<li>Navette gratuite pour la plage en juillet-ao\u00fbt<\/li>\n<li>Voiture suppl\u00e9mentaire payant<\/li>\n<\/ul>\n<div id=\"su_slider_69e168b4372c9\" class=\"su-slider su-slider-centered su-slider-pages-no su-slider-responsive-yes su-lightbox-gallery\" style=\"width:100%\" data-autoplay=\"0\" data-speed=\"600\" data-mousewheel=\"true\"><div class=\"su-slider-slides\"><div class=\"su-slider-slide\"><a href=\"https:\/\/agde-perle-noire-mediterranee.fr\/wp-content\/uploads\/2018\/12\/Accueil1.jpg\"  title=\"Accueil1\"><img decoding=\"async\" src=\"https:\/\/agde-perle-noire-mediterranee.fr\/wp-content\/uploads\/2018\/12\/Accueil1-1040x580.jpg\" alt=\"Accueil1\" \/><\/a><\/div><div class=\"su-slider-slide\"><a href=\"https:\/\/agde-perle-noire-mediterranee.fr\/wp-content\/uploads\/2018\/12\/Accueil2.jpg\"  title=\"Accueil2\"><img decoding=\"async\" src=\"https:\/\/agde-perle-noire-mediterranee.fr\/wp-content\/uploads\/2018\/12\/Accueil2-1040x580.jpg\" alt=\"Accueil2\" \/><\/a><\/div><div class=\"su-slider-slide\"><a href=\"https:\/\/agde-perle-noire-mediterranee.fr\/wp-content\/uploads\/2018\/12\/Bar.jpg\"  title=\"Bar\"><img decoding=\"async\" src=\"https:\/\/agde-perle-noire-mediterranee.fr\/wp-content\/uploads\/2018\/12\/Bar-1040x580.jpg\" alt=\"Bar\" \/><\/a><\/div><div class=\"su-slider-slide\"><a href=\"https:\/\/agde-perle-noire-mediterranee.fr\/wp-content\/uploads\/2018\/12\/ClubEnfant1-1050x590.jpg\"  title=\"ClubEnfant1-1050&#215;590\"><img decoding=\"async\" src=\"https:\/\/agde-perle-noire-mediterranee.fr\/wp-content\/uploads\/2018\/12\/ClubEnfant1-1050x590-1040x580.jpg\" alt=\"ClubEnfant1-1050&#215;590\" \/><\/a><\/div><div class=\"su-slider-slide\"><a href=\"https:\/\/agde-perle-noire-mediterranee.fr\/wp-content\/uploads\/2018\/12\/ParcAqua-1050x590.jpg\"  title=\"ParcAqua-1050&#215;590\"><img decoding=\"async\" src=\"https:\/\/agde-perle-noire-mediterranee.fr\/wp-content\/uploads\/2018\/12\/ParcAqua-1050x590-1040x580.jpg\" alt=\"ParcAqua-1050&#215;590\" \/><\/a><\/div><div class=\"su-slider-slide\"><a href=\"https:\/\/agde-perle-noire-mediterranee.fr\/wp-content\/uploads\/2018\/12\/Scene-famille.jpg\"  title=\"Scene-famille\"><img decoding=\"async\" src=\"https:\/\/agde-perle-noire-mediterranee.fr\/wp-content\/uploads\/2018\/12\/Scene-famille-1040x580.jpg\" alt=\"Scene-famille\" \/><\/a><\/div><div class=\"su-slider-slide\"><a href=\"https:\/\/agde-perle-noire-mediterranee.fr\/wp-content\/uploads\/2018\/12\/Plan-1050x590.jpg\"  title=\"Plan-1050&#215;590\"><img decoding=\"async\" src=\"https:\/\/agde-perle-noire-mediterranee.fr\/wp-content\/uploads\/2018\/12\/Plan-1050x590-1040x580.jpg\" alt=\"Plan-1050&#215;590\" \/><\/a><\/div><\/div><div class=\"su-slider-nav\"><div class=\"su-slider-direction\"><span class=\"su-slider-prev\"><\/span><span class=\"su-slider-next\"><\/span><\/div><div class=\"su-slider-pagination\"><\/div><\/div><\/div>\n","protected":false},"excerpt":{"rendered":"<p>Le\u00a0Parc des Sept Fonts\u00a0vous attend pour passer des vacances inoubliables au bord du\u00a0Canal du Midi. Agr\u00e9ablement situ\u00e9 dans la r\u00e9gion\u00a0Languedoc-Roussillon\u00a0\u00e0 6 km du c\u00e9l\u00e8bre\u00a0Cap d\u2019Agde,\u00a0le Parc des Sept Fonts\u00a0vous accueille sur 5.5 hectares. D\u00e9tendez-vous \u00e0 l\u2019ombre d\u2019arbres centenaires en bordure<\/p>\n","protected":false},"author":1,"featured_media":219,"parent":0,"menu_order":0,"comment_status":"closed","ping_status":"closed","template":"","meta":{"_themeisle_gutenberg_block_has_review":false,"footnotes":""},"class_list":["post-248","page","type-page","status-publish","has-post-thumbnail","hentry"],"_links":{"self":[{"href":"https:\/\/agde-perle-noire-mediterranee.fr\/index.php?rest_route=\/wp\/v2\/pages\/248","targetHints":{"allow":["GET"]}}],"collection":[{"href":"https:\/\/agde-perle-noire-mediterranee.fr\/index.php?rest_route=\/wp\/v2\/pages"}],"about":[{"href":"https:\/\/agde-perle-noire-mediterranee.fr\/index.php?rest_route=\/wp\/v2\/types\/page"}],"author":[{"embeddable":true,"href":"https:\/\/agde-perle-noire-mediterranee.fr\/index.php?rest_route=\/wp\/v2\/users\/1"}],"replies":[{"embeddable":true,"href":"https:\/\/agde-perle-noire-mediterranee.fr\/index.php?rest_route=%2Fwp%2Fv2%2Fcomments&post=248"}],"version-history":[{"count":40,"href":"https:\/\/agde-perle-noire-mediterranee.fr\/index.php?rest_route=\/wp\/v2\/pages\/248\/revisions"}],"predecessor-version":[{"id":1012,"href":"https:\/\/agde-perle-noire-mediterranee.fr\/index.php?rest_route=\/wp\/v2\/pages\/248\/revisions\/1012"}],"wp:featuredmedia":[{"embeddable":true,"href":"https:\/\/agde-perle-noire-mediterranee.fr\/index.php?rest_route=\/wp\/v2\/media\/219"}],"wp:attachment":[{"href":"https:\/\/agde-perle-noire-mediterranee.fr\/index.php?rest_route=%2Fwp%2Fv2%2Fmedia&parent=248"}],"curies":[{"name":"wp","href":"https:\/\/api.w.org\/{rel}","templated":true}]}}